{"id":15,"date":"2015-08-14T17:00:34","date_gmt":"2015-08-14T15:00:34","guid":{"rendered":"http:\/\/www.gunther-geisler.de\/?page_id=15"},"modified":"2023-11-03T23:29:25","modified_gmt":"2023-11-03T22:29:25","slug":"ueber-mich","status":"publish","type":"page","link":"https:\/\/www.gunther-geisler.de\/","title":{"rendered":"Home"},"content":{"rendered":"<h2><img loading=\"lazy\" decoding=\"async\" class=\"alignright size-medium wp-image-54\" src=\"http:\/\/www.gunther-geisler.de\/wp-content\/uploads\/2015\/08\/gunther_geisler-200x300.jpg\" alt=\"Gunther Geisler\" width=\"200\" height=\"300\" srcset=\"https:\/\/www.gunther-geisler.de\/wp-content\/uploads\/2015\/08\/gunther_geisler-200x300.jpg 200w, https:\/\/www.gunther-geisler.de\/wp-content\/uploads\/2015\/08\/gunther_geisler.jpg 500w\" sizes=\"auto, (max-width: 200px) 100vw, 200px\" \/><br \/>\n<strong>Herzlich Willkommen\u2026<\/strong><\/h2>\n<p>\u2026 bei der Industrievertretung Gunther Geisler, Ihrem Partner in Sachen Sanit\u00e4r-und Heizungsinstallation im dreistufigen Vertriebsweg.<br \/>\nF\u00fcr Beratung, Schulung und Betreuung von Ingenieurb\u00fcros, Architekten, Beh\u00f6rden, Gro\u00dfhandlungen und Installateuren stehen wir Ihnen jederzeit im<br \/>\nInnen- und Au\u00dfendienst zur Verf\u00fcgung.<br \/>\nAls langj\u00e4hriger Mitarbeiter im Team einer der erfolgreichsten Handelsvertretungen Deutschlands, der Helmut Haas GmbH \u2013 M\u00fcnchen, konnte der Grundstein f\u00fcr<br \/>\nein tiefgreifendes Markt- und Fachwissen reifen, welches Ihnen partnerschaftlich zur Verf\u00fcgung steht.<\/p>\n<p><em>Ihr Gunther Geisler<\/em><\/p>\n","protected":false},"excerpt":{"rendered":"<p>Herzlich Willkommen\u2026 \u2026 bei der Industrievertretung Gunther Geisler, Ihrem Partner in Sachen Sanit\u00e4r-und Heizungsinstallation im dreistufigen Vertriebsweg. F\u00fcr Beratung, Schulung und Betreuung von Ingenieurb\u00fcros, Architekten, Beh\u00f6rden, Gro\u00dfhandlungen und Installateuren stehen wir Ihnen jederzeit im Innen- und Au\u00dfendienst zur Verf\u00fcgung. Als langj\u00e4hriger Mitarbeiter im Team einer der erfolgreichsten Handelsvertretungen Deutschlands, der Helmut Haas GmbH \u2013 M\u00fcnchen, &hellip; <a href=\"https:\/\/www.gunther-geisler.de\/\" class=\"more-link\"><span class=\"screen-reader-text\">Home<\/span> weiterlesen <span class=\"meta-nav\">&rarr;<\/span><\/a><\/p>\n","protected":false},"author":1,"featured_media":0,"parent":0,"menu_order":0,"comment_status":"closed","ping_status":"closed","template":"","meta":{"footnotes":""},"class_list":["post-15","page","type-page","status-publish","hentry"],"_links":{"self":[{"href":"https:\/\/www.gunther-geisler.de\/index.php?rest_route=\/wp\/v2\/pages\/15","targetHints":{"allow":["GET"]}}],"collection":[{"href":"https:\/\/www.gunther-geisler.de\/index.php?rest_route=\/wp\/v2\/pages"}],"about":[{"href":"https:\/\/www.gunther-geisler.de\/index.php?rest_route=\/wp\/v2\/types\/page"}],"author":[{"embeddable":true,"href":"https:\/\/www.gunther-geisler.de\/index.php?rest_route=\/wp\/v2\/users\/1"}],"replies":[{"embeddable":true,"href":"https:\/\/www.gunther-geisler.de\/index.php?rest_route=%2Fwp%2Fv2%2Fcomments&post=15"}],"version-history":[{"count":7,"href":"https:\/\/www.gunther-geisler.de\/index.php?rest_route=\/wp\/v2\/pages\/15\/revisions"}],"predecessor-version":[{"id":61,"href":"https:\/\/www.gunther-geisler.de\/index.php?rest_route=\/wp\/v2\/pages\/15\/revisions\/61"}],"wp:attachment":[{"href":"https:\/\/www.gunther-geisler.de\/index.php?rest_route=%2Fwp%2Fv2%2Fmedia&parent=15"}],"curies":[{"name":"wp","href":"https:\/\/api.w.org\/{rel}","templated":true}]}}